{"id":1992,"date":"2022-11-23T15:34:53","date_gmt":"2022-11-23T15:34:53","guid":{"rendered":"https:\/\/iesanta.edu.pe\/portal\/?page_id=1992"},"modified":"2022-11-29T10:20:56","modified_gmt":"2022-11-29T15:20:56","slug":"correos-institucionales","status":"publish","type":"page","link":"https:\/\/pedagogicolasalleurubamba.edu.pe\/salle\/correos-institucionales\/","title":{"rendered":"Correos Institucionales"},"content":{"rendered":"\t\t<div data-elementor-type=\"wp-page\" data-elementor-id=\"1992\" class=\"elementor elementor-1992\">\n\t\t\t\t\t\t<section class=\"elementor-section elementor-top-section elementor-element elementor-element-7a2a7d66 elementor-section-stretched elementor-section-boxed elementor-section-height-default elementor-section-height-default\" data-id=\"7a2a7d66\" data-element_type=\"section\" data-settings=\"{&quot;stretch_section&quot;:&quot;section-stretched&quot;}\">\n\t\t\t\t\t\t<div class=\"elementor-container elementor-column-gap-default\">\n\t\t\t\t\t<div class=\"elementor-column elementor-col-100 elementor-top-column elementor-element elementor-element-1d757ebb\" data-id=\"1d757ebb\" data-element_type=\"column\">\n\t\t\t<div class=\"elementor-widget-wrap elementor-element-populated\">\n\t\t\t\t\t\t<div class=\"elementor-element elementor-element-14b618a4 elementor-widget elementor-widget-heading\" data-id=\"14b618a4\" data-element_type=\"widget\" data-widget_type=\"heading.default\">\n\t\t\t\t<div class=\"elementor-widget-container\">\n\t\t\t\t\t<h1 class=\"elementor-heading-title elementor-size-default\">CORREOS INSTITUCIONALES Y CARGOS<\/h1>\t\t\t\t<\/div>\n\t\t\t\t<\/div>\n\t\t\t\t<div class=\"elementor-element elementor-element-3fb6710 elementor-widget elementor-widget-shortcode\" data-id=\"3fb6710\" data-element_type=\"widget\" data-widget_type=\"shortcode.default\">\n\t\t\t\t<div class=\"elementor-widget-container\">\n\t\t\t\t\t\t\t<div class=\"elementor-shortcode\">\n<table id=\"tablepress-3\" class=\"tablepress tablepress-id-3\">\n<thead>\n<tr class=\"row-1\">\n\t<th class=\"column-1\">N\u00b0<\/th><th class=\"column-2\">Apellidos y Nombres<\/th><th class=\"column-3\">Cargo<\/th><th class=\"column-4\">Celular<\/th><th class=\"column-5\">Correo Electr\u00f3nico<\/th>\n<\/tr>\n<\/thead>\n<tbody class=\"row-striping row-hover\">\n<tr class=\"row-2\">\n\t<td class=\"column-1\">1<\/td><td class=\"column-2\">Dr. Hno. Segundo Manuel Mar\u00edn Herrera<\/td><td class=\"column-3\">DIRECTOR GENERAL<\/td><td class=\"column-4\">994621631<\/td><td class=\"column-5\">sjddirector7@gmail.com<\/td>\n<\/tr>\n<tr class=\"row-3\">\n\t<td class=\"column-1\">2<\/td><td class=\"column-2\">Hno. Javier Miranda Sedano<\/td><td class=\"column-3\">COORDINACI\u00d3N DE PSICOPEDAGOG\u00cdA<\/td><td class=\"column-4\">989133731<\/td><td class=\"column-5\">lasalleur@gmail.com<\/td>\n<\/tr>\n<tr class=\"row-4\">\n\t<td class=\"column-1\">3<\/td><td class=\"column-2\">Hno. Jos\u00e9 Lu\u00eds Vadillo Garc\u00eda<\/td><td class=\"column-3\">RESPONSABLE DE PROYECCI\u00d3N SOCIAL<\/td><td class=\"column-4\">965730747<\/td><td class=\"column-5\">joseluisvadillogarcia@gmail.com<\/td>\n<\/tr>\n<tr class=\"row-5\">\n\t<td class=\"column-1\">4<\/td><td class=\"column-2\">Prof. Ren\u00e9 Estanislao Apaza Medrano<\/td><td class=\"column-3\">JEFE DE  UNIDAD ACAD\u00c9MICA<\/td><td class=\"column-4\">984239165<\/td><td class=\"column-5\">reapame@gmail.com<\/td>\n<\/tr>\n<tr class=\"row-6\">\n\t<td class=\"column-1\">5<\/td><td class=\"column-2\"> Prof. Eriberto Quispe Tito<\/td><td class=\"column-3\">Docente <\/td><td class=\"column-4\">901774814<\/td><td class=\"column-5\">eribertoquispetito22@gmail.com<\/td>\n<\/tr>\n<tr class=\"row-7\">\n\t<td class=\"column-1\">6<\/td><td class=\"column-2\">Prof. Lu\u00eds Alberto Olivera Bravo<\/td><td class=\"column-3\">Docente<\/td><td class=\"column-4\">984747748<\/td><td class=\"column-5\"><\/td>\n<\/tr>\n<tr class=\"row-8\">\n\t<td class=\"column-1\">7<\/td><td class=\"column-2\">Prof. Carmen Rosa Vasquez Mora<\/td><td class=\"column-3\">Docente<\/td><td class=\"column-4\">952339468<\/td><td class=\"column-5\">carmenvamo@hotmail.com<\/td>\n<\/tr>\n<tr class=\"row-9\">\n\t<td class=\"column-1\">8<\/td><td class=\"column-2\"> Lic. Yolanda Gallegos Flores<\/td><td class=\"column-3\">Docente<\/td><td class=\"column-4\">972164491<\/td><td class=\"column-5\">yolicusco@gmail.com<\/td>\n<\/tr>\n<tr class=\"row-10\">\n\t<td class=\"column-1\">9<\/td><td class=\"column-2\"> Lic. Marco Antonio Tapia Alosilla<\/td><td class=\"column-3\">Docente<\/td><td class=\"column-4\">959771915<\/td><td class=\"column-5\">saecomarco@gmail.com<\/td>\n<\/tr>\n<tr class=\"row-11\">\n\t<td class=\"column-1\">10<\/td><td class=\"column-2\"> Profesora Maryuri Magui\u00f1a Pimentel.<\/td><td class=\"column-3\">Docente<\/td><td class=\"column-4\">950314440<\/td><td class=\"column-5\">maryurimp@lasalleurubamba.edu.pe<\/td>\n<\/tr>\n<tr class=\"row-12\">\n\t<td class=\"column-1\">11<\/td><td class=\"column-2\">Prof. Ana Isabel Yepez Pezo<\/td><td class=\"column-3\">Docente <\/td><td class=\"column-4\">946697651<\/td><td class=\"column-5\">anaisabelyepezpezo2@gmail.com<\/td>\n<\/tr>\n<tr class=\"row-13\">\n\t<td class=\"column-1\">12<\/td><td class=\"column-2\">Prof. Gelanor Ugarte Luna<\/td><td class=\"column-3\">Docente<\/td><td class=\"column-4\">984723051<\/td><td class=\"column-5\">gelanorugarte@gmail.com<\/td>\n<\/tr>\n<tr class=\"row-14\">\n\t<td class=\"column-1\">13<\/td><td class=\"column-2\">Prof. Edgar Gavancho Ninantay <\/td><td class=\"column-3\">Docente<\/td><td class=\"column-4\"><\/td><td class=\"column-5\"><\/td>\n<\/tr>\n<tr class=\"row-15\">\n\t<td class=\"column-1\">14<\/td><td class=\"column-2\">Prof. Gabino Tapia Pineda<\/td><td class=\"column-3\">Docente<\/td><td class=\"column-4\">984270671<\/td><td class=\"column-5\">tapiapinedagabino@gmail.com<\/td>\n<\/tr>\n<tr class=\"row-16\">\n\t<td class=\"column-1\">15<\/td><td class=\"column-2\">Prof. Ar\u00edstides Sevillanos Ninancuro<\/td><td class=\"column-3\">Docente<\/td><td class=\"column-4\">984896050<\/td><td class=\"column-5\">arisevillanos@gmail.com<\/td>\n<\/tr>\n<tr class=\"row-17\">\n\t<td class=\"column-1\">16<\/td><td class=\"column-2\">Prof. Lu\u00eds Alberto Olivera Bravo<\/td><td class=\"column-3\">Docente<\/td><td class=\"column-4\">984747748<\/td><td class=\"column-5\">Oliveralu\u00eds11@gmail.com<\/td>\n<\/tr>\n<tr class=\"row-18\">\n\t<td class=\"column-1\">17<\/td><td class=\"column-2\">Prof.Tania Elena Ortiz de Zevallos Gutierrez<\/td><td class=\"column-3\">Docente<\/td><td class=\"column-4\">974218740<\/td><td class=\"column-5\">taicinaodzg@gmail.com<\/td>\n<\/tr>\n<tr class=\"row-19\">\n\t<td class=\"column-1\"><\/td><td class=\"column-2\"><\/td><td class=\"column-3\"><\/td><td class=\"column-4\"><\/td><td class=\"column-5\"><\/td>\n<\/tr>\n<tr class=\"row-20\">\n\t<td class=\"column-1\"><\/td><td class=\"column-2\"><\/td><td class=\"column-3\"><\/td><td class=\"column-4\"><\/td><td class=\"column-5\"><\/td>\n<\/tr>\n<tr class=\"row-21\">\n\t<td class=\"column-1\"><\/td><td class=\"column-2\"><\/td><td class=\"column-3\"><\/td><td class=\"column-4\"><\/td><td class=\"column-5\"><\/td>\n<\/tr>\n<tr class=\"row-22\">\n\t<td class=\"column-1\"><\/td><td class=\"column-2\"><\/td><td class=\"column-3\"><\/td><td class=\"column-4\"><\/td><td class=\"column-5\"><\/td>\n<\/tr>\n<tr class=\"row-23\">\n\t<td class=\"column-1\"><\/td><td class=\"column-2\"><\/td><td class=\"column-3\"><\/td><td class=\"column-4\"><\/td><td class=\"column-5\"><\/td>\n<\/tr>\n<tr class=\"row-24\">\n\t<td class=\"column-1\"><\/td><td class=\"column-2\"><\/td><td class=\"column-3\"><\/td><td class=\"column-4\"><\/td><td class=\"column-5\"><\/td>\n<\/tr>\n<\/tbody>\n<\/table>\n<!-- #tablepress-3 from cache --><\/div>\n\t\t\t\t\t\t<\/div>\n\t\t\t\t<\/div>\n\t\t\t\t\t<\/div>\n\t\t<\/div>\n\t\t\t\t\t<\/div>\n\t\t<\/section>\n\t\t\t\t<\/div>\n\t\t","protected":false},"excerpt":{"rendered":"<p class=\"tx-excerpt\">CORREOS INSTITUCIONALES Y CARGOS<\/p><div class=\"tx-read-more\"><a href=\"https:\/\/pedagogicolasalleurubamba.edu.pe\/salle\/correos-institucionales\/\">Seguir Leyendo<\/a><\/div>","protected":false},"author":1,"featured_media":0,"parent":0,"menu_order":0,"comment_status":"closed","ping_status":"closed","template":"elementor_header_footer","meta":{"footnotes":""},"class_list":["post-1992","page","type-page","status-publish","hentry"],"_links":{"self":[{"href":"https:\/\/pedagogicolasalleurubamba.edu.pe\/salle\/wp-json\/wp\/v2\/pages\/1992","targetHints":{"allow":["GET"]}}],"collection":[{"href":"https:\/\/pedagogicolasalleurubamba.edu.pe\/salle\/wp-json\/wp\/v2\/pages"}],"about":[{"href":"https:\/\/pedagogicolasalleurubamba.edu.pe\/salle\/wp-json\/wp\/v2\/types\/page"}],"author":[{"embeddable":true,"href":"https:\/\/pedagogicolasalleurubamba.edu.pe\/salle\/wp-json\/wp\/v2\/users\/1"}],"replies":[{"embeddable":true,"href":"https:\/\/pedagogicolasalleurubamba.edu.pe\/salle\/wp-json\/wp\/v2\/comments?post=1992"}],"version-history":[{"count":0,"href":"https:\/\/pedagogicolasalleurubamba.edu.pe\/salle\/wp-json\/wp\/v2\/pages\/1992\/revisions"}],"wp:attachment":[{"href":"https:\/\/pedagogicolasalleurubamba.edu.pe\/salle\/wp-json\/wp\/v2\/media?parent=1992"}],"curies":[{"name":"wp","href":"https:\/\/api.w.org\/{rel}","templated":true}]}}