{"id":5013,"date":"2025-09-28T21:52:16","date_gmt":"2025-09-29T02:52:16","guid":{"rendered":"https:\/\/pedagogicolasalleurubamba.edu.pe\/salle\/?page_id=5013"},"modified":"2025-09-28T21:57:40","modified_gmt":"2025-09-29T02:57:40","slug":"unidad-de-formacion-continua","status":"publish","type":"page","link":"https:\/\/pedagogicolasalleurubamba.edu.pe\/salle\/unidad-de-formacion-continua\/","title":{"rendered":"Unidad de Formaci\u00f3n Continua"},"content":{"rendered":"\t\t<div data-elementor-type=\"wp-page\" data-elementor-id=\"5013\" class=\"elementor elementor-5013\">\n\t\t\t\t\t\t<section class=\"elementor-section elementor-top-section elementor-element elementor-element-1624f50 elementor-section-boxed elementor-section-height-default elementor-section-height-default\" data-id=\"1624f50\" data-element_type=\"section\">\n\t\t\t\t\t\t<div class=\"elementor-container elementor-column-gap-default\">\n\t\t\t\t\t<div class=\"elementor-column elementor-col-100 elementor-top-column elementor-element elementor-element-8c6eff6\" data-id=\"8c6eff6\" data-element_type=\"column\">\n\t\t\t<div class=\"elementor-widget-wrap elementor-element-populated\">\n\t\t\t\t\t\t<div class=\"elementor-element elementor-element-27e3337 elementor-widget elementor-widget-heading\" data-id=\"27e3337\" data-element_type=\"widget\" data-widget_type=\"heading.default\">\n\t\t\t\t<div class=\"elementor-widget-container\">\n\t\t\t\t\t<h2 class=\"elementor-heading-title elementor-size-default\">\nUNIDAD DE FORMACI\u00d3N CONTINUA<\/h2>\t\t\t\t<\/div>\n\t\t\t\t<\/div>\n\t\t\t\t<div class=\"elementor-element elementor-element-3bc176c elementor-widget elementor-widget-text-editor\" data-id=\"3bc176c\" data-element_type=\"widget\" data-widget_type=\"text-editor.default\">\n\t\t\t\t<div class=\"elementor-widget-container\">\n\t\t\t\t\t\t\t\t\t<p>responsable de planificar, organizar, ejecutar, supervisar, monitorear y evaluar los\u00a0\u00a0 programas de formaci\u00f3n continua institucionales, segunda especialidad y profesionalizaci\u00f3n docente, seg\u00fan corresponda. Depende de la Direcci\u00f3n General<\/p>\t\t\t\t\t\t\t\t<\/div>\n\t\t\t\t<\/div>\n\t\t\t\t<div class=\"elementor-element elementor-element-b040a16 elementor-widget elementor-widget-heading\" data-id=\"b040a16\" data-element_type=\"widget\" data-widget_type=\"heading.default\">\n\t\t\t\t<div class=\"elementor-widget-container\">\n\t\t\t\t\t<h2 class=\"elementor-heading-title elementor-size-default\">Funciones de la Unidad de Formaci\u00f3n continua<\/h2>\t\t\t\t<\/div>\n\t\t\t\t<\/div>\n\t\t\t\t<div class=\"elementor-element elementor-element-fc7cc13 elementor-widget elementor-widget-text-editor\" data-id=\"fc7cc13\" data-element_type=\"widget\" data-widget_type=\"text-editor.default\">\n\t\t\t\t<div class=\"elementor-widget-container\">\n\t\t\t\t\t\t\t\t\t<ul><li>Presentar el plan de formaci\u00f3n continua de acuerdo a la pol\u00edtica de la instituci\u00f3n<\/li><li>Planificar la actividad acad\u00e9mica de los programas de formaci\u00f3n continua institucionales, segunda especialidad y profesionalizaci\u00f3n docente.<\/li><li>Organizar el desarrollo de las actividades acad\u00e9micas: recursos, contenidos, metodolog\u00edas, asignaci\u00f3n de responsabilidades.<\/li><li>Evaluar los programas de formaci\u00f3n continua institucionales, segunda especialidad y profesionalizaci\u00f3n docente, incluyendo sus recursos, procesos y resultados.<\/li><li>Gestionar el registro de informaci\u00f3n en el SIA.<\/li><li>Dise\u00f1ar y promover programas formativos y actividades de actualizaci\u00f3n acad\u00e9mica que difundan y fortalezcan las l\u00edneas de ense\u00f1anza e investigaci\u00f3n de la EESPP La Salle para formar ciudadanos en correlaci\u00f3n con los principios humanistas que gu\u00edan a la instituci\u00f3n.<\/li><li>Proponer pol\u00edticas en materia de extensi\u00f3n educativa a nivel institucional e interinstitucional.<\/li><li>Brindar cooperaci\u00f3n y asistencia t\u00e9cnica, mediante asesor\u00edas o consultor\u00edas.<\/li><li>Organizar foros, simposios, congresos u otros eventos acad\u00e9micos sobre temas de inter\u00e9s local, regional, nacional e internacional, as\u00ed como la organizaci\u00f3n de programas vacacionales, viajes de estudio e intercambio estudiantil.<\/li><li>Proveer el material bibliogr\u00e1fico virtual o impreso y audiovisual que requiere la labor docente y el proceso de ense\u00f1anza \u2013 aprendizaje en la Escuela.<\/li><li>Promover convenios con otras instituciones tanto nacionales como del extranjero y temas de proyectos de desarrollo educativo.<\/li><li>Solicitar a la Direcci\u00f3n General la designaci\u00f3n o contrataci\u00f3n del personal acad\u00e9mico para las dependencias a su cargo y participar en su selecci\u00f3n de ser el caso.<\/li><li>Coordinar con instituciones, editoriales, librer\u00edas para contar con una biblioteca (hemeroteca, videoteca) organizada, actualizada, operativa, adecuadamente abastecida.<\/li><li>Establecer canales de difusi\u00f3n del material disponible y nuevas adquisiciones<\/li><li>Recoger las necesidades de material e informaci\u00f3n bibliogr\u00e1fica de las diferentes instancias de la Escuela a trav\u00e9s de formatos de recolecci\u00f3n de datos de manera semestral.<\/li><li>Organizar hemerotecas, videotecas y otras unidades de almacenamiento de informaci\u00f3n cient\u00edfica, tecnol\u00f3gica y cultural.<\/li><li>Representar, por delegaci\u00f3n, a la Alta Direcci\u00f3n en materia de su competencia<\/li><li>Otras funciones que le delegue la Direcci\u00f3n General<\/li><li>\u00a0<\/li><\/ul>\t\t\t\t\t\t\t\t<\/div>\n\t\t\t\t<\/div>\n\t\t\t\t\t<\/div>\n\t\t<\/div>\n\t\t\t\t\t<\/div>\n\t\t<\/section>\n\t\t\t\t<\/div>\n\t\t","protected":false},"excerpt":{"rendered":"<p class=\"tx-excerpt\">UNIDAD DE FORMACI\u00d3N CONTINUA responsable de planificar, organizar, ejecutar, supervisar, monitorear y evaluar los\u00a0\u00a0 programas de formaci\u00f3n continua institucionales, segunda especialidad y profesionalizaci\u00f3n<div class=\"tx-read-more\"><a href=\"https:\/\/pedagogicolasalleurubamba.edu.pe\/salle\/unidad-de-formacion-continua\/\">Seguir Leyendo<\/a><\/div>","protected":false},"author":13,"featured_media":0,"parent":0,"menu_order":0,"comment_status":"closed","ping_status":"closed","template":"","meta":{"footnotes":""},"class_list":["post-5013","page","type-page","status-publish","hentry"],"_links":{"self":[{"href":"https:\/\/pedagogicolasalleurubamba.edu.pe\/salle\/wp-json\/wp\/v2\/pages\/5013","targetHints":{"allow":["GET"]}}],"collection":[{"href":"https:\/\/pedagogicolasalleurubamba.edu.pe\/salle\/wp-json\/wp\/v2\/pages"}],"about":[{"href":"https:\/\/pedagogicolasalleurubamba.edu.pe\/salle\/wp-json\/wp\/v2\/types\/page"}],"author":[{"embeddable":true,"href":"https:\/\/pedagogicolasalleurubamba.edu.pe\/salle\/wp-json\/wp\/v2\/users\/13"}],"replies":[{"embeddable":true,"href":"https:\/\/pedagogicolasalleurubamba.edu.pe\/salle\/wp-json\/wp\/v2\/comments?post=5013"}],"version-history":[{"count":7,"href":"https:\/\/pedagogicolasalleurubamba.edu.pe\/salle\/wp-json\/wp\/v2\/pages\/5013\/revisions"}],"predecessor-version":[{"id":5020,"href":"https:\/\/pedagogicolasalleurubamba.edu.pe\/salle\/wp-json\/wp\/v2\/pages\/5013\/revisions\/5020"}],"wp:attachment":[{"href":"https:\/\/pedagogicolasalleurubamba.edu.pe\/salle\/wp-json\/wp\/v2\/media?parent=5013"}],"curies":[{"name":"wp","href":"https:\/\/api.w.org\/{rel}","templated":true}]}}

Unidad de Formación Continua

<div data-elementor-type="wp-page" data-elementor-id="5013" class="elementor elementor-5013">
						<section class="elementor-section elementor-top-section elementor-element elementor-element-1624f50 elementor-section-boxed elementor-section-height-default elementor-section-height-default" data-id="1624f50" data-element_type="section">
						<div class="elementor-container elementor-column-gap-default">
					<div class="elementor-column elementor-col-100 elementor-top-column elementor-element elementor-element-8c6eff6" data-id="8c6eff6" data-element_type="column">
			<div class="elementor-widget-wrap elementor-element-populated">
						<div class="elementor-element elementor-element-27e3337 elementor-widget elementor-widget-heading" data-id="27e3337" data-element_type="widget" data-widget_type="heading.default">
				<div class="elementor-widget-container">
					<h2 class="elementor-heading-title elementor-size-default">
UNIDAD DE FORMACIÓN CONTINUA</h2>				</div>
				</div>
				<div class="elementor-element elementor-element-3bc176c elementor-widget elementor-widget-text-editor" data-id="3bc176c" data-element_type="widget" data-widget_type="text-editor.default">
				<div class="elementor-widget-container">
									<p>responsable de planificar, organizar, ejecutar, supervisar, monitorear y evaluar los   programas de formación continua institucionales, segunda especialidad y profesionalización docente, según corresponda. Depende de la Dirección General</p>								</div>
				</div>
				<div class="elementor-element elementor-element-b040a16 elementor-widget elementor-widget-heading" data-id="b040a16" data-element_type="widget" data-widget_type="heading.default">
				<div class="elementor-widget-container">
					<h2 class="elementor-heading-title elementor-size-default">Funciones de la Unidad de Formación continua</h2>				</div>
				</div>
				<div class="elementor-element elementor-element-fc7cc13 elementor-widget elementor-widget-text-editor" data-id="fc7cc13" data-element_type="widget" data-widget_type="text-editor.default">
				<div class="elementor-widget-container">
									<ul><li>Presentar el plan de formación continua de acuerdo a la política de la institución</li><li>Planificar la actividad académica de los programas de formación continua institucionales, segunda especialidad y profesionalización docente.</li><li>Organizar el desarrollo de las actividades académicas: recursos, contenidos, metodologías, asignación de responsabilidades.</li><li>Evaluar los programas de formación continua institucionales, segunda especialidad y profesionalización docente, incluyendo sus recursos, procesos y resultados.</li><li>Gestionar el registro de información en el SIA.</li><li>Diseñar y promover programas formativos y actividades de actualización académica que difundan y fortalezcan las líneas de enseñanza e investigación de la EESPP La Salle para formar ciudadanos en correlación con los principios humanistas que guían a la institución.</li><li>Proponer políticas en materia de extensión educativa a nivel institucional e interinstitucional.</li><li>Brindar cooperación y asistencia técnica, mediante asesorías o consultorías.</li><li>Organizar foros, simposios, congresos u otros eventos académicos sobre temas de interés local, regional, nacional e internacional, así como la organización de programas vacacionales, viajes de estudio e intercambio estudiantil.</li><li>Proveer el material bibliográfico virtual o impreso y audiovisual que requiere la labor docente y el proceso de enseñanza – aprendizaje en la Escuela.</li><li>Promover convenios con otras instituciones tanto nacionales como del extranjero y temas de proyectos de desarrollo educativo.</li><li>Solicitar a la Dirección General la designación o contratación del personal académico para las dependencias a su cargo y participar en su selección de ser el caso.</li><li>Coordinar con instituciones, editoriales, librerías para contar con una biblioteca (hemeroteca, videoteca) organizada, actualizada, operativa, adecuadamente abastecida.</li><li>Establecer canales de difusión del material disponible y nuevas adquisiciones</li><li>Recoger las necesidades de material e información bibliográfica de las diferentes instancias de la Escuela a través de formatos de recolección de datos de manera semestral.</li><li>Organizar hemerotecas, videotecas y otras unidades de almacenamiento de información científica, tecnológica y cultural.</li><li>Representar, por delegación, a la Alta Dirección en materia de su competencia</li><li>Otras funciones que le delegue la Dirección General</li><li> </li></ul>								</div>
				</div>
					</div>
		</div>
					</div>
		</section>
				</div>

<p class="tx-excerpt">UNIDAD DE FORMACIÓN CONTINUA responsable de planificar, organizar, ejecutar, supervisar, monitorear y evaluar los   programas de formación continua institucionales, segunda especialidad y profesionalización<div class="tx-read-more"><a href="https://pedagogicolasalleurubamba.edu.pe/salle/unidad-de-formacion-continua/">Seguir Leyendo</a></div>
